{"id":10,"date":"2016-03-28T16:45:07","date_gmt":"2016-03-28T16:45:07","guid":{"rendered":"http:\/\/www.ludicon.com.br\/?page_id=10"},"modified":"2017-11-05T20:46:48","modified_gmt":"2017-11-05T20:46:48","slug":"tornearia","status":"publish","type":"page","link":"https:\/\/www.ludicon.com.br\/index.php\/tornearia\/","title":{"rendered":"Tornearia"},"content":{"rendered":"<div id=\"attachment_167\" style=\"width: 790px\" class=\"wp-caption aligncenter\"><img loading=\"lazy\" decoding=\"async\" aria-describedby=\"caption-attachment-167\" class=\"size-large wp-image-167\" src=\"http:\/\/www.ludicon.com.br\/wp-content\/uploads\/Torno-1-1024x768.jpg\" alt=\"Torno Mec\u00e2nico\" width=\"780\" height=\"585\" srcset=\"https:\/\/www.ludicon.com.br\/wp-content\/uploads\/Torno-1-1024x768.jpg 1024w, https:\/\/www.ludicon.com.br\/wp-content\/uploads\/Torno-1-300x225.jpg 300w, https:\/\/www.ludicon.com.br\/wp-content\/uploads\/Torno-1.jpg 1106w\" sizes=\"auto, (max-width: 780px) 100vw, 780px\" \/><p id=\"caption-attachment-167\" class=\"wp-caption-text\">Torno Mec\u00e2nico<\/p><\/div>\n<p class=\"western\">O Torno Mec\u00e2nico\u00a0\u00e9 considerado por muitos como \u201cA M\u00e3e de Todas as M\u00e1quinas\u201d, dada a sua incr\u00edvel versatilidade na produ\u00e7\u00e3o de pe\u00e7as mec\u00e2nicas em diversos materiais.<\/p>\n<div id=\"attachment_406\" style=\"width: 550px\" class=\"wp-caption aligncenter\"><img loading=\"lazy\" decoding=\"async\" aria-describedby=\"caption-attachment-406\" class=\"wp-image-406 size-large\" src=\"http:\/\/www.ludicon.com.br\/wp-content\/uploads\/Torno-e1488324380108-1024x768.jpg\" width=\"540\" height=\"405\" srcset=\"https:\/\/www.ludicon.com.br\/wp-content\/uploads\/Torno-e1488324380108-1024x768.jpg 1024w, https:\/\/www.ludicon.com.br\/wp-content\/uploads\/Torno-e1488324380108-300x225.jpg 300w\" sizes=\"auto, (max-width: 540px) 100vw, 540px\" \/><p id=\"caption-attachment-406\" class=\"wp-caption-text\">Carro porta-ferramentas<\/p><\/div>\n<p class=\"western\">O torno originalmente\u00a0produz pe\u00e7as de revolu\u00e7\u00e3o, isto \u00e9, pe\u00e7as que s\u00e3o geradas girando um bloco de material que pode ser met\u00e1lico, pl\u00e1stico , etc (usualmente chamado de tarugo), e dando forma a esse material em rota\u00e7\u00e3o usando uma variedade de ferramentas cortantes especiais.<\/p>\n<div id=\"attachment_168\" style=\"width: 790px\" class=\"wp-caption aligncenter\"><img loading=\"lazy\" decoding=\"async\" aria-describedby=\"caption-attachment-168\" class=\"wp-image-168 size-large\" src=\"http:\/\/www.ludicon.com.br\/wp-content\/uploads\/Torno-2-1024x802.jpg\" alt=\"Torneamento externo\" width=\"780\" height=\"611\" srcset=\"https:\/\/www.ludicon.com.br\/wp-content\/uploads\/Torno-2-1024x802.jpg 1024w, https:\/\/www.ludicon.com.br\/wp-content\/uploads\/Torno-2-300x235.jpg 300w, https:\/\/www.ludicon.com.br\/wp-content\/uploads\/Torno-2.jpg 1144w\" sizes=\"auto, (max-width: 780px) 100vw, 780px\" \/><p id=\"caption-attachment-168\" class=\"wp-caption-text\">Torneamento externo<\/p><\/div>\n<div id=\"attachment_169\" style=\"width: 790px\" class=\"wp-caption aligncenter\"><img loading=\"lazy\" decoding=\"async\" aria-describedby=\"caption-attachment-169\" class=\"size-large wp-image-169\" src=\"http:\/\/www.ludicon.com.br\/wp-content\/uploads\/Torno-3-1024x721.jpg\" alt=\"Detalhe do processo de corte\" width=\"780\" height=\"549\" \/><p id=\"caption-attachment-169\" class=\"wp-caption-text\">Detalhe do processo de corte<\/p><\/div>\n<div id=\"attachment_171\" style=\"width: 790px\" class=\"wp-caption aligncenter\"><img loading=\"lazy\" decoding=\"async\" aria-describedby=\"caption-attachment-171\" class=\"size-large wp-image-171\" src=\"http:\/\/www.ludicon.com.br\/wp-content\/uploads\/Torno-5-1024x739.jpg\" alt=\"Torneando o di\u00e2metro\" width=\"780\" height=\"563\" srcset=\"https:\/\/www.ludicon.com.br\/wp-content\/uploads\/Torno-5-1024x739.jpg 1024w, https:\/\/www.ludicon.com.br\/wp-content\/uploads\/Torno-5-300x216.jpg 300w, https:\/\/www.ludicon.com.br\/wp-content\/uploads\/Torno-5.jpg 1216w\" sizes=\"auto, (max-width: 780px) 100vw, 780px\" \/><p id=\"caption-attachment-171\" class=\"wp-caption-text\">Di\u00e2metro desejado atingido<\/p><\/div>\n<div id=\"attachment_170\" style=\"width: 790px\" class=\"wp-caption aligncenter\"><img loading=\"lazy\" decoding=\"async\" aria-describedby=\"caption-attachment-170\" class=\"size-large wp-image-170\" src=\"http:\/\/www.ludicon.com.br\/wp-content\/uploads\/Torno-4-1024x759.jpg\" alt=\"Torneando o ombro\" width=\"780\" height=\"578\" srcset=\"https:\/\/www.ludicon.com.br\/wp-content\/uploads\/Torno-4-1024x759.jpg 1024w, https:\/\/www.ludicon.com.br\/wp-content\/uploads\/Torno-4-300x222.jpg 300w, https:\/\/www.ludicon.com.br\/wp-content\/uploads\/Torno-4.jpg 1304w\" sizes=\"auto, (max-width: 780px) 100vw, 780px\" \/><p id=\"caption-attachment-170\" class=\"wp-caption-text\">Torneando o ombro<\/p><\/div>\n<div id=\"attachment_152\" style=\"width: 790px\" class=\"wp-caption aligncenter\"><img loading=\"lazy\" decoding=\"async\" aria-describedby=\"caption-attachment-152\" class=\"size-large wp-image-152\" src=\"http:\/\/www.ludicon.com.br\/wp-content\/uploads\/Torno-12-1024x768.jpg\" alt=\"Finalizando a separa\u00e7\u00e3o da pe\u00e7a\" width=\"780\" height=\"585\" srcset=\"https:\/\/www.ludicon.com.br\/wp-content\/uploads\/Torno-12-1024x768.jpg 1024w, https:\/\/www.ludicon.com.br\/wp-content\/uploads\/Torno-12-300x225.jpg 300w, https:\/\/www.ludicon.com.br\/wp-content\/uploads\/Torno-12.jpg 1106w\" sizes=\"auto, (max-width: 780px) 100vw, 780px\" \/><p id=\"caption-attachment-152\" class=\"wp-caption-text\">Separando a pe\u00e7a do tarugo<\/p><\/div>\n<div id=\"attachment_153\" style=\"width: 790px\" class=\"wp-caption aligncenter\"><img loading=\"lazy\" decoding=\"async\" aria-describedby=\"caption-attachment-153\" class=\"size-large wp-image-153\" src=\"http:\/\/www.ludicon.com.br\/wp-content\/uploads\/Torno-13-1024x718.jpg\" alt=\"Pe\u00e7a separada do tarugo\" width=\"780\" height=\"547\" srcset=\"https:\/\/www.ludicon.com.br\/wp-content\/uploads\/Torno-13-1024x718.jpg 1024w, https:\/\/www.ludicon.com.br\/wp-content\/uploads\/Torno-13-300x210.jpg 300w, https:\/\/www.ludicon.com.br\/wp-content\/uploads\/Torno-13.jpg 1303w\" sizes=\"auto, (max-width: 780px) 100vw, 780px\" \/><p id=\"caption-attachment-153\" class=\"wp-caption-text\">Pe\u00e7a separada do tarugo<\/p><\/div>\n<p class=\"western\">Nossa especialidade \u00e9 a confec\u00e7\u00e3o de pe\u00e7as \u00fanicas ou em pequenas quantidades, com alto padr\u00e3o de acabamento e de precis\u00e3o nas medidas.<\/p>\n<div id=\"attachment_518\" style=\"width: 1455px\" class=\"wp-caption aligncenter\"><img loading=\"lazy\" decoding=\"async\" aria-describedby=\"caption-attachment-518\" class=\"wp-image-518 size-full\" src=\"http:\/\/www.ludicon.com.br\/wp-content\/uploads\/usiagem-dos-pinos-1-e1488392588843.jpg\" width=\"1445\" height=\"1613\" srcset=\"https:\/\/www.ludicon.com.br\/wp-content\/uploads\/usiagem-dos-pinos-1-e1488392588843.jpg 1445w, https:\/\/www.ludicon.com.br\/wp-content\/uploads\/usiagem-dos-pinos-1-e1488392588843-269x300.jpg 269w, https:\/\/www.ludicon.com.br\/wp-content\/uploads\/usiagem-dos-pinos-1-e1488392588843-917x1024.jpg 917w\" sizes=\"auto, (max-width: 1445px) 100vw, 1445px\" \/><p id=\"caption-attachment-518\" class=\"wp-caption-text\">Usinagem de pinos em lat\u00e3o, junto \u00e0 ponta de uma lapiseira 0.5mm para refer\u00eancia de tamanho<\/p><\/div>\n<div id=\"attachment_524\" style=\"width: 3961px\" class=\"wp-caption aligncenter\"><img loading=\"lazy\" decoding=\"async\" aria-describedby=\"caption-attachment-524\" class=\"wp-image-524 size-full\" src=\"http:\/\/www.ludicon.com.br\/wp-content\/uploads\/IMG_1906-1-e1488393538100.jpg\" width=\"3951\" height=\"3317\" srcset=\"https:\/\/www.ludicon.com.br\/wp-content\/uploads\/IMG_1906-1-e1488393538100.jpg 3951w, https:\/\/www.ludicon.com.br\/wp-content\/uploads\/IMG_1906-1-e1488393538100-300x252.jpg 300w, https:\/\/www.ludicon.com.br\/wp-content\/uploads\/IMG_1906-1-e1488393538100-1024x860.jpg 1024w\" sizes=\"auto, (max-width: 3951px) 100vw, 3951px\" \/><p id=\"caption-attachment-524\" class=\"wp-caption-text\">Adaptador de h\u00e9lice em bronze para motor de aeromodelo<\/p><\/div>\n<p class=\"western\">O Torno tamb\u00e9m pode executar usinagem na parte interna das pe\u00e7as e em suas faces, al\u00e9m de abrir roscas internas e externas.<\/p>\n<div id=\"attachment_405\" style=\"width: 550px\" class=\"wp-caption aligncenter\"><img loading=\"lazy\" decoding=\"async\" aria-describedby=\"caption-attachment-405\" class=\"size-large wp-image-405\" src=\"http:\/\/www.ludicon.com.br\/wp-content\/uploads\/Torneamento-interno-1024x768.jpg\" alt=\"\" width=\"540\" height=\"405\" srcset=\"https:\/\/www.ludicon.com.br\/wp-content\/uploads\/Torneamento-interno-1024x768.jpg 1024w, https:\/\/www.ludicon.com.br\/wp-content\/uploads\/Torneamento-interno-300x225.jpg 300w\" sizes=\"auto, (max-width: 540px) 100vw, 540px\" \/><p id=\"caption-attachment-405\" class=\"wp-caption-text\">Torneamento interno<\/p><\/div>\n<div id=\"attachment_422\" style=\"width: 550px\" class=\"wp-caption aligncenter\"><img loading=\"lazy\" decoding=\"async\" aria-describedby=\"caption-attachment-422\" class=\"size-large wp-image-422\" src=\"http:\/\/www.ludicon.com.br\/wp-content\/uploads\/Faceamento-1024x768.jpg\" alt=\"\" width=\"540\" height=\"405\" srcset=\"https:\/\/www.ludicon.com.br\/wp-content\/uploads\/Faceamento-1024x768.jpg 1024w, https:\/\/www.ludicon.com.br\/wp-content\/uploads\/Faceamento-300x225.jpg 300w\" sizes=\"auto, (max-width: 540px) 100vw, 540px\" \/><p id=\"caption-attachment-422\" class=\"wp-caption-text\">Faceamento<\/p><\/div>\n<p>Mas n\u00e3o s\u00e3o apenas pe\u00e7as de forma cil\u00edndrica que podem ser usinadas. Existem meios de fixar virtualmente qualquer formato que esteja dentro da capacidade da m\u00e1quina, inclusive pe\u00e7as de formato completamente irregular, como nos exemplos abaixo:<\/p>\n<div id=\"attachment_418\" style=\"width: 550px\" class=\"wp-caption aligncenter\"><img loading=\"lazy\" decoding=\"async\" aria-describedby=\"caption-attachment-418\" class=\"wp-image-418 size-large\" src=\"http:\/\/www.ludicon.com.br\/wp-content\/uploads\/Fixa\u00e7\u00e3o-invertida-1024x768.jpg\" width=\"540\" height=\"405\" srcset=\"https:\/\/www.ludicon.com.br\/wp-content\/uploads\/Fixa\u00e7\u00e3o-invertida-1024x768.jpg 1024w, https:\/\/www.ludicon.com.br\/wp-content\/uploads\/Fixa\u00e7\u00e3o-invertida-300x225.jpg 300w\" sizes=\"auto, (max-width: 540px) 100vw, 540px\" \/><p id=\"caption-attachment-418\" class=\"wp-caption-text\">Fixa\u00e7\u00e3o invertida<\/p><\/div>\n<div id=\"attachment_404\" style=\"width: 550px\" class=\"wp-caption aligncenter\"><img loading=\"lazy\" decoding=\"async\" aria-describedby=\"caption-attachment-404\" class=\"wp-image-404 size-large\" src=\"http:\/\/www.ludicon.com.br\/wp-content\/uploads\/Pe\u00e7a-retangular-1024x768.jpg\" width=\"540\" height=\"405\" srcset=\"https:\/\/www.ludicon.com.br\/wp-content\/uploads\/Pe\u00e7a-retangular-1024x768.jpg 1024w, https:\/\/www.ludicon.com.br\/wp-content\/uploads\/Pe\u00e7a-retangular-300x225.jpg 300w\" sizes=\"auto, (max-width: 540px) 100vw, 540px\" \/><p id=\"caption-attachment-404\" class=\"wp-caption-text\">Pe\u00e7a de sec\u00e7\u00e3o retangular<\/p><\/div>\n<p class=\"western\">O Torno, quando equipado com as ferramentas corretas \u00e9 capaz de executar tarefas aparentemente imposs\u00edveis ou extremamente delicadas&#8230;<\/p>\n<div id=\"attachment_409\" style=\"width: 550px\" class=\"wp-caption aligncenter\"><img loading=\"lazy\" decoding=\"async\" aria-describedby=\"caption-attachment-409\" class=\"wp-image-409 size-large\" src=\"http:\/\/www.ludicon.com.br\/wp-content\/uploads\/Turbina-3-1024x768.jpg\" alt=\"Ajustando um impulsor de turbina em Fibra de Carbono\" width=\"540\" height=\"405\" srcset=\"https:\/\/www.ludicon.com.br\/wp-content\/uploads\/Turbina-3-1024x768.jpg 1024w, https:\/\/www.ludicon.com.br\/wp-content\/uploads\/Turbina-3-300x225.jpg 300w\" sizes=\"auto, (max-width: 540px) 100vw, 540px\" \/><p id=\"caption-attachment-409\" class=\"wp-caption-text\">Ajustando um impulsor de turbina em Fibra de Carbono<\/p><\/div>\n<div id=\"attachment_421\" style=\"width: 550px\" class=\"wp-caption aligncenter\"><img loading=\"lazy\" decoding=\"async\" aria-describedby=\"caption-attachment-421\" class=\"wp-image-421 size-large\" src=\"http:\/\/www.ludicon.com.br\/wp-content\/uploads\/Alargando-o-furo-de-uma-arruela-1024x768.jpg\" alt=\"Alargando o furo de uma arruela\" width=\"540\" height=\"405\" srcset=\"https:\/\/www.ludicon.com.br\/wp-content\/uploads\/Alargando-o-furo-de-uma-arruela-1024x768.jpg 1024w, https:\/\/www.ludicon.com.br\/wp-content\/uploads\/Alargando-o-furo-de-uma-arruela-300x225.jpg 300w\" sizes=\"auto, (max-width: 540px) 100vw, 540px\" \/><p id=\"caption-attachment-421\" class=\"wp-caption-text\">Alargando o furo de uma arruela<\/p><\/div>\n<div id=\"attachment_520\" style=\"width: 1314px\" class=\"wp-caption aligncenter\"><img loading=\"lazy\" decoding=\"async\" aria-describedby=\"caption-attachment-520\" class=\"wp-image-520 size-full\" src=\"http:\/\/www.ludicon.com.br\/wp-content\/uploads\/plug-magnetico-versao-2-1.jpg\" width=\"1304\" height=\"913\" srcset=\"https:\/\/www.ludicon.com.br\/wp-content\/uploads\/plug-magnetico-versao-2-1.jpg 1304w, https:\/\/www.ludicon.com.br\/wp-content\/uploads\/plug-magnetico-versao-2-1-300x210.jpg 300w, https:\/\/www.ludicon.com.br\/wp-content\/uploads\/plug-magnetico-versao-2-1-1024x717.jpg 1024w\" sizes=\"auto, (max-width: 1304px) 100vw, 1304px\" \/><p id=\"caption-attachment-520\" class=\"wp-caption-text\">Partes de um conector magn\u00e9tico<\/p><\/div>\n<p>&nbsp;<\/p>\n<p class=\"western\">A\u00a0 m\u00e1quina complementar ao Torno, conhecida como Fresadora, inverte esses pap\u00e9is: ela gira as ferramentas de corte e movimenta linearmente o material a ser usinado em dois ou tr\u00eas eixos contra essas ferramentas girat\u00f3rias, gerando assim essencialmente pe\u00e7as com faces, tanto retil\u00edneas quanto curvas (por exemplo no caso de abertura de furos de grande di\u00e2metro).<\/p>\n<div id=\"attachment_398\" style=\"width: 550px\" class=\"wp-caption aligncenter\"><img loading=\"lazy\" decoding=\"async\" aria-describedby=\"caption-attachment-398\" class=\"wp-image-398 size-large\" src=\"http:\/\/www.ludicon.com.br\/wp-content\/uploads\/Fresadora-e1488311979129-768x1024.jpg\" width=\"540\" height=\"720\" srcset=\"https:\/\/www.ludicon.com.br\/wp-content\/uploads\/Fresadora-e1488311979129-768x1024.jpg 768w, https:\/\/www.ludicon.com.br\/wp-content\/uploads\/Fresadora-e1488311979129-225x300.jpg 225w\" sizes=\"auto, (max-width: 540px) 100vw, 540px\" \/><p id=\"caption-attachment-398\" class=\"wp-caption-text\">Fresadora<\/p><\/div>\n<p>A fresadora possui uma mesa m\u00f3vel em dois eixos horizontais (X e Y), e seu cabe\u00e7ote (que cont\u00e9m o motor e que leva as ferramentas de corte) possui movimento vertical (eixo Z). Al\u00e9m disso o cabe\u00e7ote da m\u00e1quina pode tamb\u00e9m ser inclinado, possibilitando assim in\u00fameras op\u00e7\u00f5es de posicionamento e movimenta\u00e7\u00e3o.<\/p>\n<div id=\"attachment_403\" style=\"width: 550px\" class=\"wp-caption aligncenter\"><img loading=\"lazy\" decoding=\"async\" aria-describedby=\"caption-attachment-403\" class=\"wp-image-403 size-large\" src=\"http:\/\/www.ludicon.com.br\/wp-content\/uploads\/Mesa-da-Fresadora-e1488326216395-768x1024.jpg\" width=\"540\" height=\"720\" srcset=\"https:\/\/www.ludicon.com.br\/wp-content\/uploads\/Mesa-da-Fresadora-e1488326216395-768x1024.jpg 768w, https:\/\/www.ludicon.com.br\/wp-content\/uploads\/Mesa-da-Fresadora-e1488326216395-225x300.jpg 225w\" sizes=\"auto, (max-width: 540px) 100vw, 540px\" \/><p id=\"caption-attachment-403\" class=\"wp-caption-text\">Mesa e cabe\u00e7ote da Fresadora<\/p><\/div>\n<p>Utilizando uma imensa variedade de ferramentas de corte, a fresadora \u00e9 capaz de executar diversas opera\u00e7\u00f5es, como fura\u00e7\u00e3o com brocas, corte, rosqueamento, fresagem e abertura de furos de grande di\u00e2metro usando um acess\u00f3rio especial.<\/p>\n<p>Eis alguns exemplos das not\u00e1veis capacidades dessa m\u00e1quina:<\/p>\n<div id=\"attachment_419\" style=\"width: 550px\" class=\"wp-caption aligncenter\"><img loading=\"lazy\" decoding=\"async\" aria-describedby=\"caption-attachment-419\" class=\"wp-image-419 size-large\" src=\"http:\/\/www.ludicon.com.br\/wp-content\/uploads\/Fura\u00e7\u00e3o-com-brocas-1024x768.jpg\" width=\"540\" height=\"405\" srcset=\"https:\/\/www.ludicon.com.br\/wp-content\/uploads\/Fura\u00e7\u00e3o-com-brocas-1024x768.jpg 1024w, https:\/\/www.ludicon.com.br\/wp-content\/uploads\/Fura\u00e7\u00e3o-com-brocas-300x225.jpg 300w\" sizes=\"auto, (max-width: 540px) 100vw, 540px\" \/><p id=\"caption-attachment-419\" class=\"wp-caption-text\">Opera\u00e7\u00e3o como Furadeira<\/p><\/div>\n<div id=\"attachment_402\" style=\"width: 550px\" class=\"wp-caption aligncenter\"><img loading=\"lazy\" decoding=\"async\" aria-describedby=\"caption-attachment-402\" class=\"wp-image-402 size-large\" src=\"http:\/\/www.ludicon.com.br\/wp-content\/uploads\/Marca\u00e7\u00e3o-de-tra\u00e7o-e1488328631514-1024x889.jpg\" width=\"540\" height=\"469\" srcset=\"https:\/\/www.ludicon.com.br\/wp-content\/uploads\/Marca\u00e7\u00e3o-de-tra\u00e7o-e1488328631514-1024x889.jpg 1024w, https:\/\/www.ludicon.com.br\/wp-content\/uploads\/Marca\u00e7\u00e3o-de-tra\u00e7o-e1488328631514-300x260.jpg 300w\" sizes=\"auto, (max-width: 540px) 100vw, 540px\" \/><p id=\"caption-attachment-402\" class=\"wp-caption-text\">Marca\u00e7\u00e3o da superf\u00edcie<\/p><\/div>\n<div id=\"attachment_400\" style=\"width: 550px\" class=\"wp-caption aligncenter\"><img loading=\"lazy\" decoding=\"async\" aria-describedby=\"caption-attachment-400\" class=\"wp-image-400 size-large\" src=\"http:\/\/www.ludicon.com.br\/wp-content\/uploads\/Fura\u00e7\u00e3o-1024x768.jpg\" width=\"540\" height=\"405\" srcset=\"https:\/\/www.ludicon.com.br\/wp-content\/uploads\/Fura\u00e7\u00e3o-1024x768.jpg 1024w, https:\/\/www.ludicon.com.br\/wp-content\/uploads\/Fura\u00e7\u00e3o-300x225.jpg 300w\" sizes=\"auto, (max-width: 540px) 100vw, 540px\" \/><p id=\"caption-attachment-400\" class=\"wp-caption-text\">Fura\u00e7\u00e3o com brocas<\/p><\/div>\n<div id=\"attachment_397\" style=\"width: 550px\" class=\"wp-caption aligncenter\"><img loading=\"lazy\" decoding=\"async\" aria-describedby=\"caption-attachment-397\" class=\"wp-image-397 size-large\" src=\"http:\/\/www.ludicon.com.br\/wp-content\/uploads\/Corte-de-uma-pe\u00e7a-1024x768.jpg\" width=\"540\" height=\"405\" srcset=\"https:\/\/www.ludicon.com.br\/wp-content\/uploads\/Corte-de-uma-pe\u00e7a-1024x768.jpg 1024w, https:\/\/www.ludicon.com.br\/wp-content\/uploads\/Corte-de-uma-pe\u00e7a-300x225.jpg 300w\" sizes=\"auto, (max-width: 540px) 100vw, 540px\" \/><p id=\"caption-attachment-397\" class=\"wp-caption-text\">Corte de pe\u00e7as<\/p><\/div>\n<div id=\"attachment_396\" style=\"width: 550px\" class=\"wp-caption aligncenter\"><img loading=\"lazy\" decoding=\"async\" aria-describedby=\"caption-attachment-396\" class=\"wp-image-396 size-large\" src=\"http:\/\/www.ludicon.com.br\/wp-content\/uploads\/Abertura-de-um-rasgo-1024x768.jpg\" width=\"540\" height=\"405\" srcset=\"https:\/\/www.ludicon.com.br\/wp-content\/uploads\/Abertura-de-um-rasgo-1024x768.jpg 1024w, https:\/\/www.ludicon.com.br\/wp-content\/uploads\/Abertura-de-um-rasgo-300x225.jpg 300w\" sizes=\"auto, (max-width: 540px) 100vw, 540px\" \/><p id=\"caption-attachment-396\" class=\"wp-caption-text\">Abertura de furos em linha e posterior abertura de rasgo<\/p><\/div>\n<div id=\"attachment_399\" style=\"width: 550px\" class=\"wp-caption aligncenter\"><img loading=\"lazy\" decoding=\"async\" aria-describedby=\"caption-attachment-399\" class=\"wp-image-399 size-large\" src=\"http:\/\/www.ludicon.com.br\/wp-content\/uploads\/Fresagem-conclu\u00edda-1024x768.jpg\" width=\"540\" height=\"405\" srcset=\"https:\/\/www.ludicon.com.br\/wp-content\/uploads\/Fresagem-conclu\u00edda-1024x768.jpg 1024w, https:\/\/www.ludicon.com.br\/wp-content\/uploads\/Fresagem-conclu\u00edda-300x225.jpg 300w\" sizes=\"auto, (max-width: 540px) 100vw, 540px\" \/><p id=\"caption-attachment-399\" class=\"wp-caption-text\">Fresamento do topo de uma pe\u00e7a<\/p><\/div>\n<p>&nbsp;<\/p>\n<p class=\"western\">Juntas, essas m\u00e1quinas permitem produzir uma variedade assombrosa de pe\u00e7as e formas.<\/p>\n","protected":false},"excerpt":{"rendered":"<p>O Torno Mec\u00e2nico\u00a0\u00e9 considerado por muitos como \u201cA M\u00e3e de Todas as M\u00e1quinas\u201d, dada a sua incr\u00edvel versatilidade na produ\u00e7\u00e3o de pe\u00e7as mec\u00e2nicas em diversos materiais. O torno originalmente\u00a0produz pe\u00e7as de revolu\u00e7\u00e3o, isto \u00e9, pe\u00e7as que s\u00e3o geradas girando um <a class=\"more-link\" href=\"https:\/\/www.ludicon.com.br\/index.php\/tornearia\/\">Leia mais&#8230; &raquo;<\/a><\/p>\n","protected":false},"author":1,"featured_media":169,"parent":0,"menu_order":4,"comment_status":"closed","ping_status":"closed","template":"","meta":{"_exactmetrics_skip_tracking":false,"_exactmetrics_sitenote_active":false,"_exactmetrics_sitenote_note":"","_exactmetrics_sitenote_category":0,"footnotes":""},"class_list":["post-10","page","type-page","status-publish","has-post-thumbnail","hentry"],"_links":{"self":[{"href":"https:\/\/www.ludicon.com.br\/index.php\/wp-json\/wp\/v2\/pages\/10","targetHints":{"allow":["GET"]}}],"collection":[{"href":"https:\/\/www.ludicon.com.br\/index.php\/wp-json\/wp\/v2\/pages"}],"about":[{"href":"https:\/\/www.ludicon.com.br\/index.php\/wp-json\/wp\/v2\/types\/page"}],"author":[{"embeddable":true,"href":"https:\/\/www.ludicon.com.br\/index.php\/wp-json\/wp\/v2\/users\/1"}],"replies":[{"embeddable":true,"href":"https:\/\/www.ludicon.com.br\/index.php\/wp-json\/wp\/v2\/comments?post=10"}],"version-history":[{"count":40,"href":"https:\/\/www.ludicon.com.br\/index.php\/wp-json\/wp\/v2\/pages\/10\/revisions"}],"predecessor-version":[{"id":527,"href":"https:\/\/www.ludicon.com.br\/index.php\/wp-json\/wp\/v2\/pages\/10\/revisions\/527"}],"wp:featuredmedia":[{"embeddable":true,"href":"https:\/\/www.ludicon.com.br\/index.php\/wp-json\/wp\/v2\/media\/169"}],"wp:attachment":[{"href":"https:\/\/www.ludicon.com.br\/index.php\/wp-json\/wp\/v2\/media?parent=10"}],"curies":[{"name":"wp","href":"https:\/\/api.w.org\/{rel}","templated":true}]}}