{"id":1012,"date":"2024-12-11T22:25:09","date_gmt":"2024-12-11T22:25:09","guid":{"rendered":"http:\/\/www.ludicon.com.br\/?page_id=1012"},"modified":"2025-02-10T15:27:16","modified_gmt":"2025-02-10T15:27:16","slug":"instrucoes-para-a-montagem-do-suporte-de-celular","status":"publish","type":"page","link":"https:\/\/www.ludicon.com.br\/index.php\/instrucoes-para-a-montagem-do-suporte-de-celular\/","title":{"rendered":"Instru\u00e7\u00f5es para a montagem do suporte de celular:"},"content":{"rendered":"\n<p><\/p>\n\n\n\n<p><\/p>\n\n\n\n<p>A montagem das pe\u00e7as \u00e9 feita por encaixe.<br>Devido ao processo de impress\u00e3o 3D, algumas pe\u00e7as podem apresentar dificuldade de encaixe ou ficarem com ligeira folga.<br>No caso de dificuldade para encaixe n\u00e3o force as pe\u00e7as, use uma lixa de unhas para remover um pouco de material onde for necess\u00e1rio.<br>No caso de folgas, aplique uma pequena quantidade de adesivo instant\u00e2neo (tipo SuperBonder) com um palito no local do encaixe.<\/p>\n\n\n\n<p><\/p>\n\n\n\n<figure class=\"wp-block-image size-large is-resized\"><img loading=\"lazy\" decoding=\"async\" width=\"1024\" height=\"670\" src=\"http:\/\/www.ludicon.com.br\/wp-content\/uploads\/Celular-Congresso-MONTAGEM-v4-1024x670.png\" alt=\"\" class=\"wp-image-1019\" style=\"width:465px;height:auto\" srcset=\"https:\/\/www.ludicon.com.br\/wp-content\/uploads\/Celular-Congresso-MONTAGEM-v4-1024x670.png 1024w, https:\/\/www.ludicon.com.br\/wp-content\/uploads\/Celular-Congresso-MONTAGEM-v4-300x196.png 300w, https:\/\/www.ludicon.com.br\/wp-content\/uploads\/Celular-Congresso-MONTAGEM-v4.png 1204w\" sizes=\"auto, (max-width: 1024px) 100vw, 1024px\" \/><\/figure>\n\n\n\n<p><\/p>\n","protected":false},"excerpt":{"rendered":"<p>A montagem das pe\u00e7as \u00e9 feita por encaixe.Devido ao processo de impress\u00e3o 3D, algumas pe\u00e7as podem apresentar dificuldade de encaixe ou ficarem com ligeira folga.No caso de dificuldade para encaixe n\u00e3o force as pe\u00e7as, use uma lixa de unhas para <a class=\"more-link\" href=\"https:\/\/www.ludicon.com.br\/index.php\/instrucoes-para-a-montagem-do-suporte-de-celular\/\">Leia mais&#8230; &raquo;<\/a><\/p>\n","protected":false},"author":1,"featured_media":0,"parent":0,"menu_order":0,"comment_status":"closed","ping_status":"closed","template":"","meta":{"_exactmetrics_skip_tracking":false,"_exactmetrics_sitenote_active":false,"_exactmetrics_sitenote_note":"","_exactmetrics_sitenote_category":0,"footnotes":""},"class_list":["post-1012","page","type-page","status-publish","hentry"],"_links":{"self":[{"href":"https:\/\/www.ludicon.com.br\/index.php\/wp-json\/wp\/v2\/pages\/1012","targetHints":{"allow":["GET"]}}],"collection":[{"href":"https:\/\/www.ludicon.com.br\/index.php\/wp-json\/wp\/v2\/pages"}],"about":[{"href":"https:\/\/www.ludicon.com.br\/index.php\/wp-json\/wp\/v2\/types\/page"}],"author":[{"embeddable":true,"href":"https:\/\/www.ludicon.com.br\/index.php\/wp-json\/wp\/v2\/users\/1"}],"replies":[{"embeddable":true,"href":"https:\/\/www.ludicon.com.br\/index.php\/wp-json\/wp\/v2\/comments?post=1012"}],"version-history":[{"count":7,"href":"https:\/\/www.ludicon.com.br\/index.php\/wp-json\/wp\/v2\/pages\/1012\/revisions"}],"predecessor-version":[{"id":1026,"href":"https:\/\/www.ludicon.com.br\/index.php\/wp-json\/wp\/v2\/pages\/1012\/revisions\/1026"}],"wp:attachment":[{"href":"https:\/\/www.ludicon.com.br\/index.php\/wp-json\/wp\/v2\/media?parent=1012"}],"curies":[{"name":"wp","href":"https:\/\/api.w.org\/{rel}","templated":true}]}}