{"id":12,"date":"2016-03-28T16:45:51","date_gmt":"2016-03-28T16:45:51","guid":{"rendered":"http:\/\/www.ludicon.com.br\/?page_id=12"},"modified":"2020-01-20T19:37:47","modified_gmt":"2020-01-20T19:37:47","slug":"impressao-3d","status":"publish","type":"page","link":"https:\/\/www.ludicon.com.br\/index.php\/impressao-3d\/","title":{"rendered":"Impress\u00e3o 3D"},"content":{"rendered":"<p class=\"western\">A chamada Impress\u00e3o 3D \u00e9 uma tecnologia de fabrica\u00e7\u00e3o aditiva onde um modelo tridimensional criado em computador \u00e9 constru\u00eddo fisicamente pela sobreposi\u00e7\u00e3o de&nbsp;sucessivas camadas de material. Os processos de fabrica\u00e7\u00e3o usuais s\u00e3o chamados subtrativos, pois parte-se de um bloco ou tarugo de material e remove-se tudo o que \u00e9 desnecess\u00e1rio na pe\u00e7a desejada, gerando portanto grande desperd\u00edcio de material e grande quantidade de res\u00edduos. Nesse sentido, a impress\u00e3o 3D \u00e9 um processo extremamente econ\u00f4mico e vers\u00e1til, permitindo inclusive a produ\u00e7\u00e3o de objetos completamente invi\u00e1veis aos processos tradicionais, tendo sido chamada comumente de &#8220;A Nova Revolu\u00e7\u00e3o Industrial&#8221;.<\/p>\n<p class=\"western\">Existem diversas tecnologias de impress\u00e3o 3D que n\u00e3o ser\u00e3o abordadas aqui, pois as varia\u00e7\u00f5es s\u00e3o imensas, e a cada dia surgem novas deriva\u00e7\u00f5es dessas diferentes tecnologias.<\/p>\n<p class=\"western\">O sistema que usamos \u00e9 o chamado FDM, ou Deposi\u00e7\u00e3o de Material Fundido, e \u00e9 nele que nos concentraremos.<\/p>\n<p class=\"western\">Ap\u00f3s intensa pesquisa de mercado, a op\u00e7\u00e3o foi pela compra de uma impressora fabricada no Brasil pela empresa <strong>Sethi3D<\/strong>, que oferece \u00f3tima rela\u00e7\u00e3o custo-benef\u00edcio e um excelente suporte t\u00e9cnico e atendimento p\u00f3s-venda.<\/p>\n<p>Temos atualmente dois modelos de impressoras Sethi3D em opera\u00e7\u00e3o, uma AIP e uma S3.<\/p>\n<div id=\"attachment_863\" style=\"width: 2570px\" class=\"wp-caption aligncenter\"><img loading=\"lazy\" decoding=\"async\" aria-describedby=\"caption-attachment-863\" class=\"wp-image-863 size-full\" src=\"http:\/\/www.ludicon.com.br\/wp-content\/uploads\/S3-e-AIP-scaled.jpg\" alt=\"\" width=\"2560\" height=\"1707\" srcset=\"https:\/\/www.ludicon.com.br\/wp-content\/uploads\/S3-e-AIP-scaled.jpg 2560w, https:\/\/www.ludicon.com.br\/wp-content\/uploads\/S3-e-AIP-300x200.jpg 300w, https:\/\/www.ludicon.com.br\/wp-content\/uploads\/S3-e-AIP-1024x683.jpg 1024w, https:\/\/www.ludicon.com.br\/wp-content\/uploads\/S3-e-AIP-1536x1024.jpg 1536w, https:\/\/www.ludicon.com.br\/wp-content\/uploads\/S3-e-AIP-2048x1365.jpg 2048w\" sizes=\"auto, (max-width: 2560px) 100vw, 2560px\" \/><p id=\"caption-attachment-863\" class=\"wp-caption-text\">Impressoras Sethi3D modelos AIP e S3.<\/p><\/div>\n<p class=\"western\">O sistema FDM consiste em um filamento pl\u00e1stico acondicionado em rolos de 1 kg que a m\u00e1quina funde e deposita formando o contorno do objeto com um ou mais per\u00edmetros conc\u00eantricos (paredes), e depois preenchendo esse contorno com uma estrutura alveolar que pode variar entre 0 e 100 % do volume interno e que apresenta diversos formatos, como se pode observar nas fotos abaixo.<\/p>\n<p class=\"western\">Os pl\u00e1sticos mais utilizados s\u00e3o o ABS, que \u00e9 um derivado de petr\u00f3leo, forte, flex\u00edvel e resistente ao calor e o PLA, um pl\u00e1stico derivado de \u00c1cido L\u00e1ctico, geralmente proveniente de milho ou mandioca, bio-degrad\u00e1vel mas menos resistente que o ABS tanto mecanicamente quanto a altas temperaturas.<\/p>\n<p class=\"western\">O PLA \u00e9&nbsp;tamb\u00e9m mais quebradi\u00e7o e menos flex\u00edvel que o ABS, mas em contrapartida apresenta menor retra\u00e7\u00e3o ao esfriar, o que garante pe\u00e7as livres de tor\u00e7\u00f5es e de tens\u00f5es internas, comuns nas pe\u00e7as feitas em ABS.<\/p>\n<p class=\"western\">Existem diversas cores de material, s\u00f3lidas ou transl\u00facidas \u00e0 disposi\u00e7\u00e3o.Tamb\u00e9m existem filamentos feitos de Nylon, de materiais flex\u00edveis, com carga de fibras de madeira e part\u00edculas de metal, e a cada dia aparecem novos materiais, mas isso foge ao foco deste texto.<\/p>\n<p class=\"western\">As camadas de material depositado pelo sistema FDM podem ter entre 0.1 e 0.3 mm de altura, mas a largura do material depositado \u00e9 fixa, depende do di\u00e2metro do furo do bico da extrusora, e mede cerca de 0.4 mm para as m\u00e1quinas que usamos.<\/p>\n<div id=\"attachment_252\" style=\"width: 994px\" class=\"wp-caption aligncenter\"><img loading=\"lazy\" decoding=\"async\" aria-describedby=\"caption-attachment-252\" class=\"size-full wp-image-252\" src=\"http:\/\/www.ludicon.com.br\/wp-content\/uploads\/Camadas-sucessivas.jpg\" alt=\"Camadas sucessivas em closeup\" width=\"984\" height=\"911\" srcset=\"https:\/\/www.ludicon.com.br\/wp-content\/uploads\/Camadas-sucessivas.jpg 984w, https:\/\/www.ludicon.com.br\/wp-content\/uploads\/Camadas-sucessivas-300x278.jpg 300w\" sizes=\"auto, (max-width: 984px) 100vw, 984px\" \/><p id=\"caption-attachment-252\" class=\"wp-caption-text\">Camadas sucessivas de 0.3 mm de espessura em close-up<\/p><\/div>\n<div id=\"attachment_243\" style=\"width: 790px\" class=\"wp-caption aligncenter\"><img loading=\"lazy\" decoding=\"async\" aria-describedby=\"caption-attachment-243\" class=\"size-large wp-image-243\" src=\"http:\/\/www.ludicon.com.br\/wp-content\/uploads\/Closeup-da-estrutura-1024x715.jpg\" alt=\"Closeup da estrutura interna de um objeto impresso em 3D pela tecnologia FDM\" width=\"780\" height=\"545\" srcset=\"https:\/\/www.ludicon.com.br\/wp-content\/uploads\/Closeup-da-estrutura-1024x715.jpg 1024w, https:\/\/www.ludicon.com.br\/wp-content\/uploads\/Closeup-da-estrutura-300x209.jpg 300w, https:\/\/www.ludicon.com.br\/wp-content\/uploads\/Closeup-da-estrutura.jpg 1291w\" sizes=\"auto, (max-width: 780px) 100vw, 780px\" \/><p id=\"caption-attachment-243\" class=\"wp-caption-text\">Close da estrutura interna de um objeto impresso em 3D pela tecnologia FDM com 10% de preenchimento hexagonal<\/p><\/div>\n<div id=\"attachment_237\" style=\"width: 528px\" class=\"wp-caption aligncenter\"><img loading=\"lazy\" decoding=\"async\" aria-describedby=\"caption-attachment-237\" class=\"size-full wp-image-237\" src=\"http:\/\/www.ludicon.com.br\/wp-content\/uploads\/Detalhe-de-estrutura-e-camadas.jpg\" alt=\"Detalhe de estrutura e camadas.\" width=\"518\" height=\"414\" srcset=\"https:\/\/www.ludicon.com.br\/wp-content\/uploads\/Detalhe-de-estrutura-e-camadas.jpg 518w, https:\/\/www.ludicon.com.br\/wp-content\/uploads\/Detalhe-de-estrutura-e-camadas-300x240.jpg 300w\" sizes=\"auto, (max-width: 518px) 100vw, 518px\" \/><p id=\"caption-attachment-237\" class=\"wp-caption-text\">Detalhe de estrutura interna e das camadas<\/p><\/div>\n<div id=\"attachment_241\" style=\"width: 701px\" class=\"wp-caption aligncenter\"><img loading=\"lazy\" decoding=\"async\" aria-describedby=\"caption-attachment-241\" class=\"size-full wp-image-241\" src=\"http:\/\/www.ludicon.com.br\/wp-content\/uploads\/Diferentes-preenchimentos.jpg\" alt=\"Diferentes porcentagem de preenchimento.\" width=\"691\" height=\"387\" srcset=\"https:\/\/www.ludicon.com.br\/wp-content\/uploads\/Diferentes-preenchimentos.jpg 691w, https:\/\/www.ludicon.com.br\/wp-content\/uploads\/Diferentes-preenchimentos-300x168.jpg 300w, https:\/\/www.ludicon.com.br\/wp-content\/uploads\/Diferentes-preenchimentos-400x225.jpg 400w\" sizes=\"auto, (max-width: 691px) 100vw, 691px\" \/><p id=\"caption-attachment-241\" class=\"wp-caption-text\">Diferentes porcentagens de preenchimento do tipo&nbsp;linear, sendo 10% \u00e0 esquerda e 20% \u00e0 direita. Os objetos da foto estavam lado a lado, a imagem n\u00e3o \u00e9 editada.<\/p><\/div>\n<div id=\"attachment_242\" style=\"width: 1030px\" class=\"wp-caption aligncenter\"><img loading=\"lazy\" decoding=\"async\" aria-describedby=\"caption-attachment-242\" class=\"size-full wp-image-242\" src=\"http:\/\/www.ludicon.com.br\/wp-content\/uploads\/Acabamento-superficial.jpg\" alt=\"Acabamento superficial\" width=\"1020\" height=\"721\" srcset=\"https:\/\/www.ludicon.com.br\/wp-content\/uploads\/Acabamento-superficial.jpg 1020w, https:\/\/www.ludicon.com.br\/wp-content\/uploads\/Acabamento-superficial-300x212.jpg 300w\" sizes=\"auto, (max-width: 1020px) 100vw, 1020px\" \/><p id=\"caption-attachment-242\" class=\"wp-caption-text\">Acabamento superficial no topo das pe\u00e7as. O acabamento na base \u00e9 liso por conta do suporte de vidro onde as pe\u00e7as s\u00e3o produzidas<\/p><\/div>\n<p class=\"western\">Ap\u00f3s a produ\u00e7\u00e3o da pe\u00e7a, geralmente \u00e9 necess\u00e1rio efetuar um trabalho de acabamento, que remove os fios soltos de material resultantes de escorrimento do pl\u00e1stico fundido durante o deslocamento da extrusora.<\/p>\n<p class=\"western\">A quantidade de trabalho de acabamento necess\u00e1ria varia com o tipo de pl\u00e1stico selecionado e com alguns par\u00e2metros do processo de impress\u00e3o 3D, como por exemplo temperatura do filamento e velocidade de deposi\u00e7\u00e3o.<\/p>\n<div id=\"attachment_159\" style=\"width: 932px\" class=\"wp-caption aligncenter\"><img loading=\"lazy\" decoding=\"async\" aria-describedby=\"caption-attachment-159\" class=\"size-full wp-image-159\" src=\"http:\/\/www.ludicon.com.br\/wp-content\/uploads\/3D-5.jpg\" alt=\"Esses filamentos e pequenas rebarbas s\u00e3o removidos no processo de acabamento.\" width=\"922\" height=\"877\" srcset=\"https:\/\/www.ludicon.com.br\/wp-content\/uploads\/3D-5.jpg 922w, https:\/\/www.ludicon.com.br\/wp-content\/uploads\/3D-5-300x285.jpg 300w\" sizes=\"auto, (max-width: 922px) 100vw, 922px\" \/><p id=\"caption-attachment-159\" class=\"wp-caption-text\">Esses filamentos e pequenas rebarbas s\u00e3o removidos no processo de acabamento<\/p><\/div>\n<p class=\"western\">O objeto criado em ambiente virtual pelo programa de modelagem deve ser exportado em um formado espec\u00edfico, conhecido como STL (acr\u00f4nimo em ingl\u00eas para Estereolitografia), e que depois ser\u00e1 processado pelo programa que prepara o arquivo respons\u00e1vel pelo controle da impressora 3D, no nosso caso o software Simplify3D, que \u00e9 pago.<\/p>\n<p class=\"western\">Existem tamb\u00e9m op\u00e7\u00f5es gratuitas como o Repetier-Host, Cura e Slic3r.<\/p>\n<div id=\"attachment_870\" style=\"width: 1930px\" class=\"wp-caption aligncenter\"><img loading=\"lazy\" decoding=\"async\" aria-describedby=\"caption-attachment-870\" class=\"wp-image-870 size-full\" src=\"http:\/\/www.ludicon.com.br\/wp-content\/uploads\/Software-Simplify3D.jpg\" alt=\"\" width=\"1920\" height=\"1080\" srcset=\"https:\/\/www.ludicon.com.br\/wp-content\/uploads\/Software-Simplify3D.jpg 1920w, https:\/\/www.ludicon.com.br\/wp-content\/uploads\/Software-Simplify3D-300x169.jpg 300w, https:\/\/www.ludicon.com.br\/wp-content\/uploads\/Software-Simplify3D-1024x576.jpg 1024w, https:\/\/www.ludicon.com.br\/wp-content\/uploads\/Software-Simplify3D-1536x864.jpg 1536w, https:\/\/www.ludicon.com.br\/wp-content\/uploads\/Software-Simplify3D-400x225.jpg 400w, https:\/\/www.ludicon.com.br\/wp-content\/uploads\/Software-Simplify3D-780x439.jpg 780w\" sizes=\"auto, (max-width: 1920px) 100vw, 1920px\" \/><p id=\"caption-attachment-870\" class=\"wp-caption-text\">Software Simplify3D<\/p><\/div>\n<p class=\"western\">O Simplify3D consiste de um fatiador e um gerador de comandos Gcode.<\/p>\n<p class=\"western\">A fun\u00e7\u00e3o do fatiador \u00e9 dividir o objeto em camadas sucessivas, que ser\u00e3o produzidas em sequ\u00eancia.<\/p>\n<p>A seguir, o fatiador gera os comandos Gcode respons\u00e1veis pelo acionamento dos motores e aquecedores da m\u00e1quina para que atrav\u00e9s dos deslocamentos nos diferentes eixos o material fundido seja depositado em camadas sucessivas, na temperatura e velocidade corretas, e assim forme o objeto desejado.<\/p>\n<p>O fatiador tamb\u00e9m especifica par\u00e2metros como a espessura das camadas, a temperatura da mesa aquecida (importante para evitar que os objetos se soltem ou sofram empenamentos durante o processo), a temperatura do filamento, as espessuras das paredes e das camadas superior e inferior, bem como o tipo e quantidade do preenchimento.<\/p>\n<p class=\"western\">O fatiador j\u00e1 fornece uma estimativa do tempo de produ\u00e7\u00e3o da pe\u00e7a, da quantidade de filamento que ser\u00e1 utilizada (informa\u00e7\u00f5es vitais para preparar or\u00e7amentos), e al\u00e9m disso permite inspecionar cada camada individualmente, em busca de problemas em potencial que podem ser corrigidos no arquivo original do objeto.<\/p>\n<p>As imagens a seguir s\u00e3o de outros softwares Repetier Host e Slic3r) por motivos de clareza na visualiza\u00e7\u00e3o.<\/p>\n<div id=\"attachment_485\" style=\"width: 1690px\" class=\"wp-caption aligncenter\"><img loading=\"lazy\" decoding=\"async\" aria-describedby=\"caption-attachment-485\" class=\"size-full wp-image-485\" src=\"http:\/\/www.ludicon.com.br\/wp-content\/uploads\/Fatiamento-Slic3r-e1488384349675.jpg\" alt=\"\" width=\"1680\" height=\"982\" srcset=\"https:\/\/www.ludicon.com.br\/wp-content\/uploads\/Fatiamento-Slic3r-e1488384349675.jpg 1680w, https:\/\/www.ludicon.com.br\/wp-content\/uploads\/Fatiamento-Slic3r-e1488384349675-300x175.jpg 300w, https:\/\/www.ludicon.com.br\/wp-content\/uploads\/Fatiamento-Slic3r-e1488384349675-1024x599.jpg 1024w\" sizes=\"auto, (max-width: 1680px) 100vw, 1680px\" \/><p id=\"caption-attachment-485\" class=\"wp-caption-text\">Fatiamento Slic3r<\/p><\/div>\n<p class=\"western\">Uma outra fun\u00e7\u00e3o do fatiador \u00e9 gerar automaticamente os suportes necess\u00e1rios para apoiar o filamento se necess\u00e1rio, uma vez que o filamento n\u00e3o pode ser depositado &#8220;no ar&#8221;, \u00e9 necess\u00e1ria alguma superf\u00edcie ou estrutura para suportar o filamento durante o resfriamento ap\u00f3s a extrus\u00e3o.<\/p>\n<p>O Fatiador ent\u00e3o gera automaticamente estruturas de suporte destac\u00e1veis, que ser\u00e3o removidas ap\u00f3s o t\u00e9rmino do processo:<\/p>\n<div id=\"attachment_493\" style=\"width: 2523px\" class=\"wp-caption aligncenter\"><img loading=\"lazy\" decoding=\"async\" aria-describedby=\"caption-attachment-493\" class=\"size-full wp-image-493\" src=\"http:\/\/www.ludicon.com.br\/wp-content\/uploads\/Suportes-gerados-automaticamente.jpg\" alt=\"\" width=\"2513\" height=\"1511\" srcset=\"https:\/\/www.ludicon.com.br\/wp-content\/uploads\/Suportes-gerados-automaticamente.jpg 2513w, https:\/\/www.ludicon.com.br\/wp-content\/uploads\/Suportes-gerados-automaticamente-300x180.jpg 300w, https:\/\/www.ludicon.com.br\/wp-content\/uploads\/Suportes-gerados-automaticamente-1024x616.jpg 1024w\" sizes=\"auto, (max-width: 2513px) 100vw, 2513px\" \/><p id=\"caption-attachment-493\" class=\"wp-caption-text\">Suportes gerados automaticamente (Repetier Host)<\/p><\/div>\n<p class=\"western\">Em muitos casos, a simples mudan\u00e7a na orienta\u00e7\u00e3o do objeto ao ser carregado no fatiador dispensa o uso de suportes, mas aqui o objetivo era justamente mostrar o seu uso, e por isso o mesmo objeto mostrado acima foi girado em 90 graus no eixo X:<\/p>\n<div id=\"attachment_487\" style=\"width: 1690px\" class=\"wp-caption aligncenter\"><img loading=\"lazy\" decoding=\"async\" aria-describedby=\"caption-attachment-487\" class=\"size-full wp-image-487\" src=\"http:\/\/www.ludicon.com.br\/wp-content\/uploads\/Repetier-Host.jpg\" alt=\"\" width=\"1680\" height=\"1010\" srcset=\"https:\/\/www.ludicon.com.br\/wp-content\/uploads\/Repetier-Host.jpg 1680w, https:\/\/www.ludicon.com.br\/wp-content\/uploads\/Repetier-Host-300x180.jpg 300w, https:\/\/www.ludicon.com.br\/wp-content\/uploads\/Repetier-Host-1024x616.jpg 1024w\" sizes=\"auto, (max-width: 1680px) 100vw, 1680px\" \/><p id=\"caption-attachment-487\" class=\"wp-caption-text\">Orienta\u00e7\u00e3o diferente &#8211; dispensa suportes (Repetier Host)<\/p><\/div>\n<p class=\"western\">Objetos maiores que o tamanho m\u00e1ximo admitido pela impressora podem ser divididos em sec\u00e7\u00f5es menores e montados posteriormente. Alguns softwares de modelagem 3D j\u00e1 oferecem essa fun\u00e7\u00e3o de forma integrada, como o Fusion360 da Autodesk. Em outros casos, \u00e9 necess\u00e1rio projetar a pe\u00e7a em partes ou dividir o objeto em partes menores usando programas especiais.<\/p>\n<p class=\"western\">Uma caracter\u00edstica importante do formato formato STL \u00e9 n\u00e3o permitir edi\u00e7\u00e3o no sentido usual do termo, uma vez que a exporta\u00e7\u00e3o do objeto criado em ambiente virtual para o formato STL cria uma &#8220;pele&#8221; ao redor do objeto e suprime esse objeto, perdendo-se portanto toda a informa\u00e7\u00e3o sobre a constru\u00e7\u00e3o do objeto.<\/p>\n<p class=\"western\">Assim, o arquivo STL descreve uma &#8220;casca&#8221; de espessura infinitesimal, composta de in\u00fameras facetas em geral triangulares, definidas pelas coordenadas espaciais de seus v\u00e9rtices e de um vetor que aponta &#8220;para fora&#8221;.<\/p>\n<p class=\"western\">Se qualquer dessas facetas estiver ausente ou mal definida, o objeto \u00e9 classificado como &#8220;n\u00e3o \u00e0 prova d&#8217;\u00e1gua&#8221;, mas esse termo refere-se apenas ao fato de que a &#8220;pele&#8221; do objeto n\u00e3o \u00e9 cont\u00ednua, que apresenta uma ou mais aberturas ou que alguma das facetas encontra-se invertida em rela\u00e7\u00e3o \u00e0s demais, e isso geralmente inviabiliza a impress\u00e3o 3D (objetos produzidos por impress\u00e3o 3D no m\u00e9todo FDA via de regra n\u00e3o s\u00e3o estanques a menos que recebam tratamento posterior).<\/p>\n<p class=\"western\">Alguns fatiadores, ao carregar os objetos STL, j\u00e1 fazem uma verifica\u00e7\u00e3o pr\u00e9via e mostram um alerta de que o arquivo precisa ser reparado.<\/p>\n<p><img loading=\"lazy\" decoding=\"async\" class=\"size-full wp-image-484\" src=\"http:\/\/www.ludicon.com.br\/wp-content\/uploads\/Erro-Repetier-editado.jpg\" alt=\"\" width=\"2232\" height=\"1343\" srcset=\"https:\/\/www.ludicon.com.br\/wp-content\/uploads\/Erro-Repetier-editado.jpg 2232w, https:\/\/www.ludicon.com.br\/wp-content\/uploads\/Erro-Repetier-editado-300x181.jpg 300w, https:\/\/www.ludicon.com.br\/wp-content\/uploads\/Erro-Repetier-editado-1024x616.jpg 1024w\" sizes=\"auto, (max-width: 2232px) 100vw, 2232px\" \/>Erro acusado pelo Repetier Host<\/p>\n<p class=\"western\">Nesses casos, \u00e9 necess\u00e1rio &#8220;reparar&#8221; o STL, usando programas especiais, como a vers\u00e3o gratuita e limitada do programa NetFabb Basic ou o programa Meshmixer da Autodesk, que literalmente &#8220;tapam&#8221; as aberturas com facetas adicionais. Alguns fatiadores oferecem a op\u00e7\u00e3o de reparo autom\u00e1tico, mas de forma bem limitada.<\/p>\n<div id=\"attachment_482\" style=\"width: 1690px\" class=\"wp-caption aligncenter\"><img loading=\"lazy\" decoding=\"async\" aria-describedby=\"caption-attachment-482\" class=\"size-full wp-image-482\" src=\"http:\/\/www.ludicon.com.br\/wp-content\/uploads\/Erro-Netfabb.jpg\" alt=\"\" width=\"1680\" height=\"1010\" srcset=\"https:\/\/www.ludicon.com.br\/wp-content\/uploads\/Erro-Netfabb.jpg 1680w, https:\/\/www.ludicon.com.br\/wp-content\/uploads\/Erro-Netfabb-300x180.jpg 300w, https:\/\/www.ludicon.com.br\/wp-content\/uploads\/Erro-Netfabb-1024x616.jpg 1024w\" sizes=\"auto, (max-width: 1680px) 100vw, 1680px\" \/><p id=\"caption-attachment-482\" class=\"wp-caption-text\">Faceta ausente idenditificada pelo Netfabb<\/p><\/div>\n<div id=\"attachment_481\" style=\"width: 1690px\" class=\"wp-caption aligncenter\"><img loading=\"lazy\" decoding=\"async\" aria-describedby=\"caption-attachment-481\" class=\"size-full wp-image-481\" src=\"http:\/\/www.ludicon.com.br\/wp-content\/uploads\/Reparo-Netfabb.jpg\" alt=\"\" width=\"1680\" height=\"1010\" srcset=\"https:\/\/www.ludicon.com.br\/wp-content\/uploads\/Reparo-Netfabb.jpg 1680w, https:\/\/www.ludicon.com.br\/wp-content\/uploads\/Reparo-Netfabb-300x180.jpg 300w, https:\/\/www.ludicon.com.br\/wp-content\/uploads\/Reparo-Netfabb-1024x616.jpg 1024w\" sizes=\"auto, (max-width: 1680px) 100vw, 1680px\" \/><p id=\"caption-attachment-481\" class=\"wp-caption-text\">Reparo autom\u00e1tico feito pelo Netfabb<\/p><\/div>\n<p class=\"western\">Esses softwares podem tamb\u00e9m ser usados para subdividir um objeto demasiado grande em partes menores, automaticamente adicionando as facetas necess\u00e1rias aos planos de corte, garantindo assim que cada uma das partes esteja completamente fechada ao ser exportada individualmente.<\/p>\n<p class=\"western\">Um \u00fanico arquivo STL pode conter diversos objetos, e em alguns casos pode ser necess\u00e1rio separar um ou mais desses objetos antes do processo de impress\u00e3o 3D. Assim como a subdivis\u00e3o do arquivo original em partes menores, isso pode ser feito por alguns programas como o Netfabb ou com o visualizador AbViewer (tamb\u00e9m em vers\u00e3o gratuita limitada), que permite eliminar partes componentes de um arquivo STL de m\u00faltiplos objetos (no caso abaixo, s\u00e3o partes de um modelo da sonda Curiosity, que pode ser baixado gratuitamente do site da NASA).<\/p>\n<div id=\"attachment_480\" style=\"width: 1690px\" class=\"wp-caption aligncenter\"><img loading=\"lazy\" decoding=\"async\" aria-describedby=\"caption-attachment-480\" class=\"size-full wp-image-480\" src=\"http:\/\/www.ludicon.com.br\/wp-content\/uploads\/AbViewer-conjunto.jpg\" alt=\"\" width=\"1680\" height=\"1010\" srcset=\"https:\/\/www.ludicon.com.br\/wp-content\/uploads\/AbViewer-conjunto.jpg 1680w, https:\/\/www.ludicon.com.br\/wp-content\/uploads\/AbViewer-conjunto-300x180.jpg 300w, https:\/\/www.ludicon.com.br\/wp-content\/uploads\/AbViewer-conjunto-1024x616.jpg 1024w\" sizes=\"auto, (max-width: 1680px) 100vw, 1680px\" \/><p id=\"caption-attachment-480\" class=\"wp-caption-text\">Conjunto de partes no AbViewer<\/p><\/div>\n<p class=\"western\">O programa AbViewer permite apagar ou editar facetas individuais, e portanto todas as facetas desnecess\u00e1rias (e portanto os objetos constitu\u00eddos por elas) podem ser removidas, deixando apenas o objeto desejado:<\/p>\n<div id=\"attachment_479\" style=\"width: 1690px\" class=\"wp-caption aligncenter\"><img loading=\"lazy\" decoding=\"async\" aria-describedby=\"caption-attachment-479\" class=\"size-full wp-image-479\" src=\"http:\/\/www.ludicon.com.br\/wp-content\/uploads\/AbViewer-parte-isolada.jpg\" alt=\"\" width=\"1680\" height=\"1010\" srcset=\"https:\/\/www.ludicon.com.br\/wp-content\/uploads\/AbViewer-parte-isolada.jpg 1680w, https:\/\/www.ludicon.com.br\/wp-content\/uploads\/AbViewer-parte-isolada-300x180.jpg 300w, https:\/\/www.ludicon.com.br\/wp-content\/uploads\/AbViewer-parte-isolada-1024x616.jpg 1024w\" sizes=\"auto, (max-width: 1680px) 100vw, 1680px\" \/><p id=\"caption-attachment-479\" class=\"wp-caption-text\">Parte isolada pelo AbViewer<\/p><\/div>\n<p class=\"western\">Como tudo o mais no &#8220;mundo real&#8221;, o processo FDM possui suas vantagens e limita\u00e7\u00f5es. Assim, detalhes muito pequenos n\u00e3o s\u00e3o representados corretamente neste processo, assim como paredes muito finas e\/ou muito altas, objetos com elevado fator de preenchimento, furos muito pequenos s\u00e3o alguns dos detalhes que causam problemas no processo FDM.<\/p>\n<p class=\"western\">Contudo, para fins pr\u00e1ticos, a precis\u00e3o e o n\u00edvel de detalhes&nbsp;s\u00e3o mais que suficientes em modelos de m\u00e9dia escala e em especial nas etapas intermedi\u00e1rias da elabora\u00e7\u00e3o de um prot\u00f3tipo que posteriormente ser\u00e1 produzido industrialmente por outros processos.<\/p>\n<p class=\"western\">Um acabamento liso pode ser obtido por diversos meios, tais como aplica\u00e7\u00e3o de massa ou primer de pintura, lixamento, e outros meios.<\/p>\n<p class=\"western\">A principal vantagem do processo FDM \u00e9 o baixo custo e a vida \u00fatil praticamente ilimitada do material, bem como do custo relativamente baixo das m\u00e1quinas.<\/p>\n<p class=\"western\"><\/p>\n\n\n<p><\/p>\n","protected":false},"excerpt":{"rendered":"<p>A chamada Impress\u00e3o 3D \u00e9 uma tecnologia de fabrica\u00e7\u00e3o aditiva onde um modelo tridimensional criado em computador \u00e9 constru\u00eddo fisicamente pela sobreposi\u00e7\u00e3o de&nbsp;sucessivas camadas de material. Os processos de fabrica\u00e7\u00e3o usuais s\u00e3o chamados subtrativos, pois parte-se de um bloco ou <a class=\"more-link\" href=\"https:\/\/www.ludicon.com.br\/index.php\/impressao-3d\/\">Leia mais&#8230; &raquo;<\/a><\/p>\n","protected":false},"author":1,"featured_media":863,"parent":0,"menu_order":1,"comment_status":"closed","ping_status":"closed","template":"","meta":{"_exactmetrics_skip_tracking":false,"_exactmetrics_sitenote_active":false,"_exactmetrics_sitenote_note":"","_exactmetrics_sitenote_category":0,"footnotes":""},"class_list":["post-12","page","type-page","status-publish","has-post-thumbnail","hentry"],"_links":{"self":[{"href":"https:\/\/www.ludicon.com.br\/index.php\/wp-json\/wp\/v2\/pages\/12","targetHints":{"allow":["GET"]}}],"collection":[{"href":"https:\/\/www.ludicon.com.br\/index.php\/wp-json\/wp\/v2\/pages"}],"about":[{"href":"https:\/\/www.ludicon.com.br\/index.php\/wp-json\/wp\/v2\/types\/page"}],"author":[{"embeddable":true,"href":"https:\/\/www.ludicon.com.br\/index.php\/wp-json\/wp\/v2\/users\/1"}],"replies":[{"embeddable":true,"href":"https:\/\/www.ludicon.com.br\/index.php\/wp-json\/wp\/v2\/comments?post=12"}],"version-history":[{"count":104,"href":"https:\/\/www.ludicon.com.br\/index.php\/wp-json\/wp\/v2\/pages\/12\/revisions"}],"predecessor-version":[{"id":909,"href":"https:\/\/www.ludicon.com.br\/index.php\/wp-json\/wp\/v2\/pages\/12\/revisions\/909"}],"wp:featuredmedia":[{"embeddable":true,"href":"https:\/\/www.ludicon.com.br\/index.php\/wp-json\/wp\/v2\/media\/863"}],"wp:attachment":[{"href":"https:\/\/www.ludicon.com.br\/index.php\/wp-json\/wp\/v2\/media?parent=12"}],"curies":[{"name":"wp","href":"https:\/\/api.w.org\/{rel}","templated":true}]}}