{"id":773,"date":"2018-05-04T18:39:52","date_gmt":"2018-05-04T18:39:52","guid":{"rendered":"http:\/\/www.ludicon.com.br\/?page_id=773"},"modified":"2020-01-20T19:21:48","modified_gmt":"2020-01-20T19:21:48","slug":"cursos-e-palestras","status":"publish","type":"page","link":"https:\/\/www.ludicon.com.br\/index.php\/cursos-e-palestras\/","title":{"rendered":"Cursos e palestras"},"content":{"rendered":"<p style=\"text-align: left;\" align=\"center\">Oferecemos periodicamente cursos, workshops e palestras ligados \u00e0 impress\u00e3o 3D, modelagem 3D de objetos, movimento Maker, prototipagem, contsru\u00e7\u00e3o de maquetes e outros assuntos ligados \u00e0 fabrica\u00e7\u00e3o digital, aquisi\u00e7\u00e3o e interc\u00e2mbio de conhecimento.<\/p>\n<p style=\"text-align: left;\" align=\"center\">Montamos cursos especificos sob demanda para turmas especiais, como modelagem e impress\u00e3o 3D, uso de softwares e outras atividades.<\/p>\n<p style=\"text-align: left;\" align=\"center\">Basta entrar em contato conosco !<\/p>\n<p align=\"center\">\n<p style=\"text-align: left;\" align=\"center\">Acompanhe nossos eventos atrav\u00e9s do portal Sympla:<\/p>\n<p style=\"text-align: center;\" align=\"center\"><a href=\"https:\/\/www.sympla.com.br\/ludicon\">https:\/\/www.sympla.com.br\/ludicon<\/a><\/p>\n<h6 align=\"center\"><\/h6>\n<h6 style=\"text-align: center;\" align=\"center\"><strong>ESTES S\u00c3O ALGUNS DE NOSSOS EVENTOS PASSADOS:<\/strong><\/h6>\n<h3 align=\"center\"><\/h3>\n<h5 align=\"center\"><b>Workshop de Impress\u00e3o 3D e Modelagem de objetos com o programa FreeCad.<\/b><\/h5>\n<p align=\"center\"><b>OBJETIVOS DO CURSO: <\/b><\/p>\n<ul>\n<li>\n<p align=\"left\">Desmistificar a impress\u00e3o 3D, seus usos, capacidades e limita\u00e7\u00f5es;<\/p>\n<\/li>\n<li>\n<p align=\"left\">Apresentar uma impressora 3D em funcionamento durante toda a dura\u00e7\u00e3o do curso;<\/p>\n<\/li>\n<li>\n<p align=\"left\">Proporcionar informa\u00e7\u00e3o b\u00e1sica sobre alguns processos de fabrica\u00e7\u00e3o por impress\u00e3o 3D;<\/p>\n<\/li>\n<li>\n<p align=\"left\">Apresentar aos participantes objetos f\u00edsicos impressos em 3D por tecnologia FDM;<\/p>\n<\/li>\n<li>\n<p align=\"left\">Oferecer acesso a um software de modelagem 3D poderoso, gratuito e open source;<\/p>\n<\/li>\n<li>\n<p align=\"left\">Acompanhar a cria\u00e7\u00e3o dos primeiros objetos 3D por meio do software apresentado, o FreeCad (cada participante usar\u00e1 um computador individual);<\/p>\n<\/li>\n<li>\n<p align=\"left\">Entregar a cada participante uma c\u00f3pia do objeto-exemplo criado durante o curso;<\/p>\n<\/li>\n<li>\n<p align=\"left\">Mostrar que a modelagem e impress\u00e3o 3D s\u00e3o duas das novas profiss\u00f5es do futuro.<\/p>\n<\/li>\n<\/ul>\n<h5 style=\"text-align: center;\"><strong>Palestra &#8211; Movimento Maker: o que \u00e9 ? Quais suas consequ\u00eancias ?<\/strong><\/h5>\n<p align=\"center\"><b>OBJETIVOS DA PALESTRA: <\/b><\/p>\n<ul>\n<li>\n<p align=\"left\">Apresentar o chamado Movimento Maker, que cresce a cada dia ao redor de todo o mundo;<\/p>\n<\/li>\n<li>\n<p align=\"left\">Discutir a filosofia Maker \/ Hacker e suas implica\u00e7\u00f5es na economia, industrializa\u00e7\u00e3o e gerenciamento de direitos intelectuais;<\/p>\n<\/li>\n<li>\n<p align=\"left\">Apontar as diferen\u00e7as b\u00e1sicas entre a educa\u00e7\u00e3o tradicional e a nova tend\u00eancia ligada ao movimento Maker ;<\/p>\n<\/li>\n<li>\n<p align=\"left\">Apresentar o conceito de aprendizado &#8220;just in time&#8221; em substitui\u00e7\u00e3o ao &#8220;just in case&#8221;;<\/p>\n<\/li>\n<li>\n<p align=\"left\">Mostrar que errar n\u00e3o \u00e9 motivo de vergonha, mas de orgulho (e mostrar porque);<\/p>\n<\/li>\n<li>\n<p align=\"left\">Oferecer os primeiros passos a quem deseja conhecer e seguir esse caminho.<\/p>\n<\/li>\n<\/ul>\n","protected":false},"excerpt":{"rendered":"<p>Oferecemos periodicamente cursos, workshops e palestras ligados \u00e0 impress\u00e3o 3D, modelagem 3D de objetos, movimento Maker, prototipagem, contsru\u00e7\u00e3o de maquetes e outros assuntos ligados \u00e0 fabrica\u00e7\u00e3o digital, aquisi\u00e7\u00e3o e interc\u00e2mbio de conhecimento. Montamos cursos especificos sob demanda para turmas especiais, <a class=\"more-link\" href=\"https:\/\/www.ludicon.com.br\/index.php\/cursos-e-palestras\/\">Leia mais&#8230; &raquo;<\/a><\/p>\n","protected":false},"author":1,"featured_media":0,"parent":0,"menu_order":0,"comment_status":"closed","ping_status":"closed","template":"","meta":{"_exactmetrics_skip_tracking":false,"_exactmetrics_sitenote_active":false,"_exactmetrics_sitenote_note":"","_exactmetrics_sitenote_category":0,"footnotes":""},"class_list":["post-773","page","type-page","status-publish","hentry"],"_links":{"self":[{"href":"https:\/\/www.ludicon.com.br\/index.php\/wp-json\/wp\/v2\/pages\/773","targetHints":{"allow":["GET"]}}],"collection":[{"href":"https:\/\/www.ludicon.com.br\/index.php\/wp-json\/wp\/v2\/pages"}],"about":[{"href":"https:\/\/www.ludicon.com.br\/index.php\/wp-json\/wp\/v2\/types\/page"}],"author":[{"embeddable":true,"href":"https:\/\/www.ludicon.com.br\/index.php\/wp-json\/wp\/v2\/users\/1"}],"replies":[{"embeddable":true,"href":"https:\/\/www.ludicon.com.br\/index.php\/wp-json\/wp\/v2\/comments?post=773"}],"version-history":[{"count":38,"href":"https:\/\/www.ludicon.com.br\/index.php\/wp-json\/wp\/v2\/pages\/773\/revisions"}],"predecessor-version":[{"id":903,"href":"https:\/\/www.ludicon.com.br\/index.php\/wp-json\/wp\/v2\/pages\/773\/revisions\/903"}],"wp:attachment":[{"href":"https:\/\/www.ludicon.com.br\/index.php\/wp-json\/wp\/v2\/media?parent=773"}],"curies":[{"name":"wp","href":"https:\/\/api.w.org\/{rel}","templated":true}]}}